{"id":25756,"date":"2021-07-19T14:25:46","date_gmt":"2021-07-19T17:25:46","guid":{"rendered":"http:\/\/culturabc.com.br\/arquivo\/?page_id=25756"},"modified":"2021-07-20T12:38:24","modified_gmt":"2021-07-20T15:38:24","slug":"9a-reuniao","status":"publish","type":"page","link":"https:\/\/culturabc.com.br\/arquivo\/9a-reuniao\/","title":{"rendered":"9\u00aa Reuni\u00e3o"},"content":{"rendered":"\n<h2 class=\"wp-block-heading\"><strong>9\u00aa reuni\u00e3o<\/strong><\/h2>\n\n\n\n<p><strong>Data: 26 de junho de 2019<\/strong><br>Local: Galeria Municipal de Arte<br>Colaboradores: \u00c1lvaro Silva, Ant\u00f4nio Jorge de Borba, Carlos Schlup, Erotides Campos, Fernando Delatorre, Gert Hering, Jo\u00e3o Carlos da Silva, Jo\u00e3o Ricardo Scharf, Jos\u00e9 \u00c2ngelo Rebelo e Jurandir Knabben<br>Fotografias identificadas: 17 imagens<\/p>\n\n\n\n<h2 class=\"wp-block-heading\">Fotografias identificadas<\/h2>\n\n\n\n<figure class=\"wp-block-gallery columns-3 is-cropped wp-block-gallery-1 is-layout-flex wp-block-gallery-is-layout-flex\"><ul class=\"blocks-gallery-grid\"><li class=\"blocks-gallery-item\"><figure><a href=\"http:\/\/culturabc.com.br\/arquivo\/wp-content\/uploads\/2021\/07\/3400-Pessoas-em-frente-do-Hotel-Miramar-Avenida-Atlantica-esquina-com-Avenida-Central-decada-de-1960_9-reuniao.jpg\"><img fetchpriority=\"high\" decoding=\"async\" width=\"1024\" height=\"560\" src=\"http:\/\/culturabc.com.br\/arquivo\/wp-content\/uploads\/2021\/07\/3400-Pessoas-em-frente-do-Hotel-Miramar-Avenida-Atlantica-esquina-com-Avenida-Central-decada-de-1960_9-reuniao-1024x560.jpg\" alt=\"3400 Pessoas em frente do Hotel Miramar Avenida Atlantica esquina com Avenida Central decada de 1960 9 reuniao\" data-id=\"26465\" data-full-url=\"http:\/\/culturabc.com.br\/arquivo\/wp-content\/uploads\/2021\/07\/3400-Pessoas-em-frente-do-Hotel-Miramar-Avenida-Atlantica-esquina-com-Avenida-Central-decada-de-1960_9-reuniao.jpg\" data-link=\"http:\/\/culturabc.com.br\/arquivo\/3400-pessoas-em-frente-do-hotel-miramar-avenida-atlantica-esquina-com-avenida-central-decada-de-1960_9-reuniao\/\" class=\"wp-image-26465\" srcset=\"https:\/\/culturabc.com.br\/arquivo\/wp-content\/uploads\/2021\/07\/3400-Pessoas-em-frente-do-Hotel-Miramar-Avenida-Atlantica-esquina-com-Avenida-Central-decada-de-1960_9-reuniao-1024x560.jpg 1024w, https:\/\/culturabc.com.br\/arquivo\/wp-content\/uploads\/2021\/07\/3400-Pessoas-em-frente-do-Hotel-Miramar-Avenida-Atlantica-esquina-com-Avenida-Central-decada-de-1960_9-reuniao-300x164.jpg 300w, https:\/\/culturabc.com.br\/arquivo\/wp-content\/uploads\/2021\/07\/3400-Pessoas-em-frente-do-Hotel-Miramar-Avenida-Atlantica-esquina-com-Avenida-Central-decada-de-1960_9-reuniao-768x420.jpg 768w, https:\/\/culturabc.com.br\/arquivo\/wp-content\/uploads\/2021\/07\/3400-Pessoas-em-frente-do-Hotel-Miramar-Avenida-Atlantica-esquina-com-Avenida-Central-decada-de-1960_9-reuniao.jpg 1282w\" sizes=\"(max-width: 1024px) 100vw, 1024px\" \/><\/a><figcaption class=\"blocks-gallery-item__caption\">3400 Pessoas em frente do Hotel Miramar Avenida Atlantica esquina com Avenida Central decada de 1960 9 reuniao<\/figcaption><\/figure><\/li><li class=\"blocks-gallery-item\"><figure><a href=\"http:\/\/culturabc.com.br\/arquivo\/wp-content\/uploads\/2021\/07\/3598-Evento-no-Salao-Verde-na-Avenida-Central-de-propriedade-do-Sr.-Estacio-Rosa-irmao-do-Carlinhos-Rosa-decada-de-1960_9-reuniao.jpg\"><img decoding=\"async\" width=\"1024\" height=\"693\" src=\"http:\/\/culturabc.com.br\/arquivo\/wp-content\/uploads\/2021\/07\/3598-Evento-no-Salao-Verde-na-Avenida-Central-de-propriedade-do-Sr.-Estacio-Rosa-irmao-do-Carlinhos-Rosa-decada-de-1960_9-reuniao-1024x693.jpg\" alt=\"3598 Evento no Salao Verde na Avenida Central de propriedade do Sr. Estacio Rosa irmao do Carlinhos Rosa decada de 1960 9 reuniao\" data-id=\"26446\" data-full-url=\"http:\/\/culturabc.com.br\/arquivo\/wp-content\/uploads\/2021\/07\/3598-Evento-no-Salao-Verde-na-Avenida-Central-de-propriedade-do-Sr.-Estacio-Rosa-irmao-do-Carlinhos-Rosa-decada-de-1960_9-reuniao.jpg\" data-link=\"http:\/\/culturabc.com.br\/arquivo\/3598-evento-no-salao-verde-na-avenida-central-de-propriedade-do-sr-estacio-rosa-irmao-do-carlinhos-rosa-decada-de-1960_9-reuniao\/\" class=\"wp-image-26446\" srcset=\"https:\/\/culturabc.com.br\/arquivo\/wp-content\/uploads\/2021\/07\/3598-Evento-no-Salao-Verde-na-Avenida-Central-de-propriedade-do-Sr.-Estacio-Rosa-irmao-do-Carlinhos-Rosa-decada-de-1960_9-reuniao-1024x693.jpg 1024w, https:\/\/culturabc.com.br\/arquivo\/wp-content\/uploads\/2021\/07\/3598-Evento-no-Salao-Verde-na-Avenida-Central-de-propriedade-do-Sr.-Estacio-Rosa-irmao-do-Carlinhos-Rosa-decada-de-1960_9-reuniao-300x203.jpg 300w, https:\/\/culturabc.com.br\/arquivo\/wp-content\/uploads\/2021\/07\/3598-Evento-no-Salao-Verde-na-Avenida-Central-de-propriedade-do-Sr.-Estacio-Rosa-irmao-do-Carlinhos-Rosa-decada-de-1960_9-reuniao-768x519.jpg 768w, https:\/\/culturabc.com.br\/arquivo\/wp-content\/uploads\/2021\/07\/3598-Evento-no-Salao-Verde-na-Avenida-Central-de-propriedade-do-Sr.-Estacio-Rosa-irmao-do-Carlinhos-Rosa-decada-de-1960_9-reuniao-1536x1039.jpg 1536w, https:\/\/culturabc.com.br\/arquivo\/wp-content\/uploads\/2021\/07\/3598-Evento-no-Salao-Verde-na-Avenida-Central-de-propriedade-do-Sr.-Estacio-Rosa-irmao-do-Carlinhos-Rosa-decada-de-1960_9-reuniao.jpg 1792w\" sizes=\"(max-width: 1024px) 100vw, 1024px\" \/><\/a><figcaption class=\"blocks-gallery-item__caption\">3598 Evento no Salao Verde na Avenida Central de propriedade do Sr. Estacio Rosa irmao do Carlinhos Rosa decada de 1960 9 reuniao<\/figcaption><\/figure><\/li><li class=\"blocks-gallery-item\"><figure><a href=\"http:\/\/culturabc.com.br\/arquivo\/wp-content\/uploads\/2021\/07\/3596-Inauguracao-do-Banco-INCO-onde-hoje-e-a-Foto-do-Gorila-na-Galeria-da-Avenida-Central-decada-de-1960_9-reuniao.jpg\"><img decoding=\"async\" width=\"1024\" height=\"669\" src=\"http:\/\/culturabc.com.br\/arquivo\/wp-content\/uploads\/2021\/07\/3596-Inauguracao-do-Banco-INCO-onde-hoje-e-a-Foto-do-Gorila-na-Galeria-da-Avenida-Central-decada-de-1960_9-reuniao-1024x669.jpg\" alt=\"3596 Inauguracao do Banco INCO onde hoje e a Foto do Gorila na Galeria da Avenida Central decada de 1960 9 reuniao\" data-id=\"26445\" data-full-url=\"http:\/\/culturabc.com.br\/arquivo\/wp-content\/uploads\/2021\/07\/3596-Inauguracao-do-Banco-INCO-onde-hoje-e-a-Foto-do-Gorila-na-Galeria-da-Avenida-Central-decada-de-1960_9-reuniao.jpg\" data-link=\"http:\/\/culturabc.com.br\/arquivo\/3596-inauguracao-do-banco-inco-onde-hoje-e-a-foto-do-gorila-na-galeria-da-avenida-central-decada-de-1960_9-reuniao\/\" class=\"wp-image-26445\" srcset=\"https:\/\/culturabc.com.br\/arquivo\/wp-content\/uploads\/2021\/07\/3596-Inauguracao-do-Banco-INCO-onde-hoje-e-a-Foto-do-Gorila-na-Galeria-da-Avenida-Central-decada-de-1960_9-reuniao-1024x669.jpg 1024w, https:\/\/culturabc.com.br\/arquivo\/wp-content\/uploads\/2021\/07\/3596-Inauguracao-do-Banco-INCO-onde-hoje-e-a-Foto-do-Gorila-na-Galeria-da-Avenida-Central-decada-de-1960_9-reuniao-300x196.jpg 300w, https:\/\/culturabc.com.br\/arquivo\/wp-content\/uploads\/2021\/07\/3596-Inauguracao-do-Banco-INCO-onde-hoje-e-a-Foto-do-Gorila-na-Galeria-da-Avenida-Central-decada-de-1960_9-reuniao-768x502.jpg 768w, https:\/\/culturabc.com.br\/arquivo\/wp-content\/uploads\/2021\/07\/3596-Inauguracao-do-Banco-INCO-onde-hoje-e-a-Foto-do-Gorila-na-Galeria-da-Avenida-Central-decada-de-1960_9-reuniao-1536x1004.jpg 1536w, https:\/\/culturabc.com.br\/arquivo\/wp-content\/uploads\/2021\/07\/3596-Inauguracao-do-Banco-INCO-onde-hoje-e-a-Foto-do-Gorila-na-Galeria-da-Avenida-Central-decada-de-1960_9-reuniao.jpg 1732w\" sizes=\"(max-width: 1024px) 100vw, 1024px\" \/><\/a><figcaption class=\"blocks-gallery-item__caption\">3596 Inauguracao do Banco INCO onde hoje e a Foto do Gorila na Galeria da Avenida Central decada de 1960 9 reuniao<\/figcaption><\/figure><\/li><li class=\"blocks-gallery-item\"><figure><a href=\"http:\/\/culturabc.com.br\/arquivo\/wp-content\/uploads\/2021\/07\/3594-Solenidade-de-nomeacao-do-Sr.-Olavio-Mafra-Cardoso-como-Intendente-do-Distrito-de-Bal.-Camboriu-no-Restaurante-Mariluz-1959_9-reuniao.jpg\"><img loading=\"lazy\" decoding=\"async\" width=\"1024\" height=\"629\" src=\"http:\/\/culturabc.com.br\/arquivo\/wp-content\/uploads\/2021\/07\/3594-Solenidade-de-nomeacao-do-Sr.-Olavio-Mafra-Cardoso-como-Intendente-do-Distrito-de-Bal.-Camboriu-no-Restaurante-Mariluz-1959_9-reuniao-1024x629.jpg\" alt=\"3594 Solenidade de nomeacao do Sr. Olavio Mafra Cardoso como Intendente do Distrito de Bal. Camboriu no Restaurante Mariluz 1959 9 reuniao\" data-id=\"26444\" data-full-url=\"http:\/\/culturabc.com.br\/arquivo\/wp-content\/uploads\/2021\/07\/3594-Solenidade-de-nomeacao-do-Sr.-Olavio-Mafra-Cardoso-como-Intendente-do-Distrito-de-Bal.-Camboriu-no-Restaurante-Mariluz-1959_9-reuniao.jpg\" data-link=\"http:\/\/culturabc.com.br\/arquivo\/3594-solenidade-de-nomeacao-do-sr-olavio-mafra-cardoso-como-intendente-do-distrito-de-bal-camboriu-no-restaurante-mariluz-1959_9-reuniao\/\" class=\"wp-image-26444\" srcset=\"https:\/\/culturabc.com.br\/arquivo\/wp-content\/uploads\/2021\/07\/3594-Solenidade-de-nomeacao-do-Sr.-Olavio-Mafra-Cardoso-como-Intendente-do-Distrito-de-Bal.-Camboriu-no-Restaurante-Mariluz-1959_9-reuniao-1024x629.jpg 1024w, https:\/\/culturabc.com.br\/arquivo\/wp-content\/uploads\/2021\/07\/3594-Solenidade-de-nomeacao-do-Sr.-Olavio-Mafra-Cardoso-como-Intendente-do-Distrito-de-Bal.-Camboriu-no-Restaurante-Mariluz-1959_9-reuniao-300x184.jpg 300w, https:\/\/culturabc.com.br\/arquivo\/wp-content\/uploads\/2021\/07\/3594-Solenidade-de-nomeacao-do-Sr.-Olavio-Mafra-Cardoso-como-Intendente-do-Distrito-de-Bal.-Camboriu-no-Restaurante-Mariluz-1959_9-reuniao-768x471.jpg 768w, https:\/\/culturabc.com.br\/arquivo\/wp-content\/uploads\/2021\/07\/3594-Solenidade-de-nomeacao-do-Sr.-Olavio-Mafra-Cardoso-como-Intendente-do-Distrito-de-Bal.-Camboriu-no-Restaurante-Mariluz-1959_9-reuniao-1536x943.jpg 1536w, https:\/\/culturabc.com.br\/arquivo\/wp-content\/uploads\/2021\/07\/3594-Solenidade-de-nomeacao-do-Sr.-Olavio-Mafra-Cardoso-como-Intendente-do-Distrito-de-Bal.-Camboriu-no-Restaurante-Mariluz-1959_9-reuniao.jpg 1740w\" sizes=\"(max-width: 1024px) 100vw, 1024px\" \/><\/a><figcaption class=\"blocks-gallery-item__caption\">3594 Solenidade de nomeacao do Sr. Olavio Mafra Cardoso como Intendente do Distrito de Bal. Camboriu no Restaurante Mariluz 1959 9 reuniao<\/figcaption><\/figure><\/li><li class=\"blocks-gallery-item\"><figure><a href=\"http:\/\/culturabc.com.br\/arquivo\/wp-content\/uploads\/2021\/07\/3586-Obras-na-Rua-200-Centro-decada-de-1960_9-reuniao.jpg\"><img loading=\"lazy\" decoding=\"async\" width=\"950\" height=\"548\" src=\"http:\/\/culturabc.com.br\/arquivo\/wp-content\/uploads\/2021\/07\/3586-Obras-na-Rua-200-Centro-decada-de-1960_9-reuniao.jpg\" alt=\"3586 Obras na Rua 200 Centro decada de 1960 9 reuniao\" data-id=\"26159\" data-full-url=\"http:\/\/culturabc.com.br\/arquivo\/wp-content\/uploads\/2021\/07\/3586-Obras-na-Rua-200-Centro-decada-de-1960_9-reuniao.jpg\" data-link=\"http:\/\/culturabc.com.br\/arquivo\/3586-obras-na-rua-200-centro-decada-de-1960_9-reuniao\/\" class=\"wp-image-26159\" srcset=\"https:\/\/culturabc.com.br\/arquivo\/wp-content\/uploads\/2021\/07\/3586-Obras-na-Rua-200-Centro-decada-de-1960_9-reuniao.jpg 950w, https:\/\/culturabc.com.br\/arquivo\/wp-content\/uploads\/2021\/07\/3586-Obras-na-Rua-200-Centro-decada-de-1960_9-reuniao-300x173.jpg 300w, https:\/\/culturabc.com.br\/arquivo\/wp-content\/uploads\/2021\/07\/3586-Obras-na-Rua-200-Centro-decada-de-1960_9-reuniao-768x443.jpg 768w\" sizes=\"(max-width: 950px) 100vw, 950px\" \/><\/a><figcaption class=\"blocks-gallery-item__caption\">3586 Obras na Rua 200 Centro decada de 1960 9 reuniao<\/figcaption><\/figure><\/li><li class=\"blocks-gallery-item\"><figure><a href=\"http:\/\/culturabc.com.br\/arquivo\/wp-content\/uploads\/2021\/07\/3585-Obras-na-Rua-200-Centro-decada-de-1960_9-reuniao.jpg\"><img loading=\"lazy\" decoding=\"async\" width=\"950\" height=\"583\" src=\"http:\/\/culturabc.com.br\/arquivo\/wp-content\/uploads\/2021\/07\/3585-Obras-na-Rua-200-Centro-decada-de-1960_9-reuniao.jpg\" alt=\"3585 Obras na Rua 200 Centro decada de 1960 9 reuniao\" data-id=\"26158\" data-full-url=\"http:\/\/culturabc.com.br\/arquivo\/wp-content\/uploads\/2021\/07\/3585-Obras-na-Rua-200-Centro-decada-de-1960_9-reuniao.jpg\" data-link=\"http:\/\/culturabc.com.br\/arquivo\/3585-obras-na-rua-200-centro-decada-de-1960_9-reuniao\/\" class=\"wp-image-26158\" srcset=\"https:\/\/culturabc.com.br\/arquivo\/wp-content\/uploads\/2021\/07\/3585-Obras-na-Rua-200-Centro-decada-de-1960_9-reuniao.jpg 950w, https:\/\/culturabc.com.br\/arquivo\/wp-content\/uploads\/2021\/07\/3585-Obras-na-Rua-200-Centro-decada-de-1960_9-reuniao-300x184.jpg 300w, https:\/\/culturabc.com.br\/arquivo\/wp-content\/uploads\/2021\/07\/3585-Obras-na-Rua-200-Centro-decada-de-1960_9-reuniao-768x471.jpg 768w\" sizes=\"(max-width: 950px) 100vw, 950px\" \/><\/a><figcaption class=\"blocks-gallery-item__caption\">3585 Obras na Rua 200 Centro decada de 1960 9 reuniao<\/figcaption><\/figure><\/li><li class=\"blocks-gallery-item\"><figure><a href=\"http:\/\/culturabc.com.br\/arquivo\/wp-content\/uploads\/2021\/07\/3584-Eencerramento-da-construcao-do-muro-de-arrimo-em-frente-ao-Ed.-Itapoa-na-Av.-Atlantica-1967._9-reuniao.jpg\"><img loading=\"lazy\" decoding=\"async\" width=\"950\" height=\"572\" src=\"http:\/\/culturabc.com.br\/arquivo\/wp-content\/uploads\/2021\/07\/3584-Eencerramento-da-construcao-do-muro-de-arrimo-em-frente-ao-Ed.-Itapoa-na-Av.-Atlantica-1967._9-reuniao.jpg\" alt=\"3584 Eencerramento da construcao do muro de arrimo em frente ao Ed. Itapoa na Av. Atlantica 1967. 9 reuniao\" data-id=\"26157\" data-full-url=\"http:\/\/culturabc.com.br\/arquivo\/wp-content\/uploads\/2021\/07\/3584-Eencerramento-da-construcao-do-muro-de-arrimo-em-frente-ao-Ed.-Itapoa-na-Av.-Atlantica-1967._9-reuniao.jpg\" data-link=\"http:\/\/culturabc.com.br\/arquivo\/3584-eencerramento-da-construcao-do-muro-de-arrimo-em-frente-ao-ed-itapoa-na-av-atlantica-1967-_9-reuniao\/\" class=\"wp-image-26157\" srcset=\"https:\/\/culturabc.com.br\/arquivo\/wp-content\/uploads\/2021\/07\/3584-Eencerramento-da-construcao-do-muro-de-arrimo-em-frente-ao-Ed.-Itapoa-na-Av.-Atlantica-1967._9-reuniao.jpg 950w, https:\/\/culturabc.com.br\/arquivo\/wp-content\/uploads\/2021\/07\/3584-Eencerramento-da-construcao-do-muro-de-arrimo-em-frente-ao-Ed.-Itapoa-na-Av.-Atlantica-1967._9-reuniao-300x181.jpg 300w, https:\/\/culturabc.com.br\/arquivo\/wp-content\/uploads\/2021\/07\/3584-Eencerramento-da-construcao-do-muro-de-arrimo-em-frente-ao-Ed.-Itapoa-na-Av.-Atlantica-1967._9-reuniao-768x462.jpg 768w\" sizes=\"(max-width: 950px) 100vw, 950px\" \/><\/a><figcaption class=\"blocks-gallery-item__caption\">3584 Eencerramento da construcao do muro de arrimo em frente ao Ed. Itapoa na Av. Atlantica 1967. 9 reuniao<\/figcaption><\/figure><\/li><li class=\"blocks-gallery-item\"><figure><a href=\"http:\/\/culturabc.com.br\/arquivo\/wp-content\/uploads\/2021\/07\/3582-Obras-na-Rua-200-Centro-decada-de-1960_9-reuniao.jpg\"><img loading=\"lazy\" decoding=\"async\" width=\"950\" height=\"577\" src=\"http:\/\/culturabc.com.br\/arquivo\/wp-content\/uploads\/2021\/07\/3582-Obras-na-Rua-200-Centro-decada-de-1960_9-reuniao.jpg\" alt=\"3582 Obras na Rua 200 Centro decada de 1960 9 reuniao\" data-id=\"26156\" data-full-url=\"http:\/\/culturabc.com.br\/arquivo\/wp-content\/uploads\/2021\/07\/3582-Obras-na-Rua-200-Centro-decada-de-1960_9-reuniao.jpg\" data-link=\"http:\/\/culturabc.com.br\/arquivo\/3582-obras-na-rua-200-centro-decada-de-1960_9-reuniao\/\" class=\"wp-image-26156\" srcset=\"https:\/\/culturabc.com.br\/arquivo\/wp-content\/uploads\/2021\/07\/3582-Obras-na-Rua-200-Centro-decada-de-1960_9-reuniao.jpg 950w, https:\/\/culturabc.com.br\/arquivo\/wp-content\/uploads\/2021\/07\/3582-Obras-na-Rua-200-Centro-decada-de-1960_9-reuniao-300x182.jpg 300w, https:\/\/culturabc.com.br\/arquivo\/wp-content\/uploads\/2021\/07\/3582-Obras-na-Rua-200-Centro-decada-de-1960_9-reuniao-768x466.jpg 768w\" sizes=\"(max-width: 950px) 100vw, 950px\" \/><\/a><figcaption class=\"blocks-gallery-item__caption\">3582 Obras na Rua 200 Centro decada de 1960 9 reuniao<\/figcaption><\/figure><\/li><li class=\"blocks-gallery-item\"><figure><a href=\"http:\/\/culturabc.com.br\/arquivo\/wp-content\/uploads\/2021\/07\/3593-Inauguracao-da-segunda-Delegacia-de-Policia-na-Avenida-Central-com-a-Rua-900-1969_9-reuniao.jpg\"><img loading=\"lazy\" decoding=\"async\" width=\"950\" height=\"614\" src=\"http:\/\/culturabc.com.br\/arquivo\/wp-content\/uploads\/2021\/07\/3593-Inauguracao-da-segunda-Delegacia-de-Policia-na-Avenida-Central-com-a-Rua-900-1969_9-reuniao.jpg\" alt=\"3593 Inauguracao da segunda Delegacia de Policia na Avenida Central com a Rua 900 1969 9 reuniao\" data-id=\"26155\" data-full-url=\"http:\/\/culturabc.com.br\/arquivo\/wp-content\/uploads\/2021\/07\/3593-Inauguracao-da-segunda-Delegacia-de-Policia-na-Avenida-Central-com-a-Rua-900-1969_9-reuniao.jpg\" data-link=\"http:\/\/culturabc.com.br\/arquivo\/3593-inauguracao-da-segunda-delegacia-de-policia-na-avenida-central-com-a-rua-900-1969_9-reuniao\/\" class=\"wp-image-26155\" srcset=\"https:\/\/culturabc.com.br\/arquivo\/wp-content\/uploads\/2021\/07\/3593-Inauguracao-da-segunda-Delegacia-de-Policia-na-Avenida-Central-com-a-Rua-900-1969_9-reuniao.jpg 950w, https:\/\/culturabc.com.br\/arquivo\/wp-content\/uploads\/2021\/07\/3593-Inauguracao-da-segunda-Delegacia-de-Policia-na-Avenida-Central-com-a-Rua-900-1969_9-reuniao-300x194.jpg 300w, https:\/\/culturabc.com.br\/arquivo\/wp-content\/uploads\/2021\/07\/3593-Inauguracao-da-segunda-Delegacia-de-Policia-na-Avenida-Central-com-a-Rua-900-1969_9-reuniao-768x496.jpg 768w\" sizes=\"(max-width: 950px) 100vw, 950px\" \/><\/a><figcaption class=\"blocks-gallery-item__caption\">3593 Inauguracao da segunda Delegacia de Policia na Avenida Central com a Rua 900 1969 9 reuniao<\/figcaption><\/figure><\/li><li class=\"blocks-gallery-item\"><figure><a href=\"http:\/\/culturabc.com.br\/arquivo\/wp-content\/uploads\/2021\/07\/3589-Praia-dos-Amores-onde-apos-a-decada-de-1970-passou-a-ser-chamada-de-Prainha-decada-de-1960._9-reuniao.jpg\"><img loading=\"lazy\" decoding=\"async\" width=\"950\" height=\"607\" src=\"http:\/\/culturabc.com.br\/arquivo\/wp-content\/uploads\/2021\/07\/3589-Praia-dos-Amores-onde-apos-a-decada-de-1970-passou-a-ser-chamada-de-Prainha-decada-de-1960._9-reuniao.jpg\" alt=\"3589 Praia dos Amores onde apos a decada de 1970 passou a ser chamada de Prainha decada de 1960. 9 reuniao\" data-id=\"26154\" data-full-url=\"http:\/\/culturabc.com.br\/arquivo\/wp-content\/uploads\/2021\/07\/3589-Praia-dos-Amores-onde-apos-a-decada-de-1970-passou-a-ser-chamada-de-Prainha-decada-de-1960._9-reuniao.jpg\" data-link=\"http:\/\/culturabc.com.br\/arquivo\/3589-praia-dos-amores-onde-apos-a-decada-de-1970-passou-a-ser-chamada-de-prainha-decada-de-1960-_9-reuniao\/\" class=\"wp-image-26154\" srcset=\"https:\/\/culturabc.com.br\/arquivo\/wp-content\/uploads\/2021\/07\/3589-Praia-dos-Amores-onde-apos-a-decada-de-1970-passou-a-ser-chamada-de-Prainha-decada-de-1960._9-reuniao.jpg 950w, https:\/\/culturabc.com.br\/arquivo\/wp-content\/uploads\/2021\/07\/3589-Praia-dos-Amores-onde-apos-a-decada-de-1970-passou-a-ser-chamada-de-Prainha-decada-de-1960._9-reuniao-300x192.jpg 300w, https:\/\/culturabc.com.br\/arquivo\/wp-content\/uploads\/2021\/07\/3589-Praia-dos-Amores-onde-apos-a-decada-de-1970-passou-a-ser-chamada-de-Prainha-decada-de-1960._9-reuniao-768x491.jpg 768w\" sizes=\"(max-width: 950px) 100vw, 950px\" \/><\/a><figcaption class=\"blocks-gallery-item__caption\">3589 Praia dos Amores onde apos a decada de 1970 passou a ser chamada de Prainha decada de 1960. 9 reuniao<\/figcaption><\/figure><\/li><li class=\"blocks-gallery-item\"><figure><a href=\"http:\/\/culturabc.com.br\/arquivo\/wp-content\/uploads\/2021\/07\/3588-Construcao-do-muro-de-arrimo-na-Avenida-Atlantica-1967_9-reuniao.jpg\"><img loading=\"lazy\" decoding=\"async\" width=\"950\" height=\"598\" src=\"http:\/\/culturabc.com.br\/arquivo\/wp-content\/uploads\/2021\/07\/3588-Construcao-do-muro-de-arrimo-na-Avenida-Atlantica-1967_9-reuniao.jpg\" alt=\"3588 Construcao do muro de arrimo na Avenida Atlantica 1967 9 reuniao\" data-id=\"26153\" data-full-url=\"http:\/\/culturabc.com.br\/arquivo\/wp-content\/uploads\/2021\/07\/3588-Construcao-do-muro-de-arrimo-na-Avenida-Atlantica-1967_9-reuniao.jpg\" data-link=\"http:\/\/culturabc.com.br\/arquivo\/3588-construcao-do-muro-de-arrimo-na-avenida-atlantica-1967_9-reuniao\/\" class=\"wp-image-26153\" srcset=\"https:\/\/culturabc.com.br\/arquivo\/wp-content\/uploads\/2021\/07\/3588-Construcao-do-muro-de-arrimo-na-Avenida-Atlantica-1967_9-reuniao.jpg 950w, https:\/\/culturabc.com.br\/arquivo\/wp-content\/uploads\/2021\/07\/3588-Construcao-do-muro-de-arrimo-na-Avenida-Atlantica-1967_9-reuniao-300x189.jpg 300w, https:\/\/culturabc.com.br\/arquivo\/wp-content\/uploads\/2021\/07\/3588-Construcao-do-muro-de-arrimo-na-Avenida-Atlantica-1967_9-reuniao-768x483.jpg 768w\" sizes=\"(max-width: 950px) 100vw, 950px\" \/><\/a><figcaption class=\"blocks-gallery-item__caption\">3588 Construcao do muro de arrimo na Avenida Atlantica 1967 9 reuniao<\/figcaption><\/figure><\/li><li class=\"blocks-gallery-item\"><figure><a href=\"http:\/\/culturabc.com.br\/arquivo\/wp-content\/uploads\/2021\/07\/3595-Churrascaria-Cipo-do-Lindolfo-onde-hoje-tem-a-Joacaba-Pneus-1969_9-reuniao.jpg\"><img loading=\"lazy\" decoding=\"async\" width=\"950\" height=\"643\" src=\"http:\/\/culturabc.com.br\/arquivo\/wp-content\/uploads\/2021\/07\/3595-Churrascaria-Cipo-do-Lindolfo-onde-hoje-tem-a-Joacaba-Pneus-1969_9-reuniao.jpg\" alt=\"3595 Churrascaria Cipo do Lindolfo onde hoje tem a Joacaba Pneus 1969 9 reuniao\" data-id=\"26152\" data-full-url=\"http:\/\/culturabc.com.br\/arquivo\/wp-content\/uploads\/2021\/07\/3595-Churrascaria-Cipo-do-Lindolfo-onde-hoje-tem-a-Joacaba-Pneus-1969_9-reuniao.jpg\" data-link=\"http:\/\/culturabc.com.br\/arquivo\/3595-churrascaria-cipo-do-lindolfo-onde-hoje-tem-a-joacaba-pneus-1969_9-reuniao\/\" class=\"wp-image-26152\" srcset=\"https:\/\/culturabc.com.br\/arquivo\/wp-content\/uploads\/2021\/07\/3595-Churrascaria-Cipo-do-Lindolfo-onde-hoje-tem-a-Joacaba-Pneus-1969_9-reuniao.jpg 950w, https:\/\/culturabc.com.br\/arquivo\/wp-content\/uploads\/2021\/07\/3595-Churrascaria-Cipo-do-Lindolfo-onde-hoje-tem-a-Joacaba-Pneus-1969_9-reuniao-300x203.jpg 300w, https:\/\/culturabc.com.br\/arquivo\/wp-content\/uploads\/2021\/07\/3595-Churrascaria-Cipo-do-Lindolfo-onde-hoje-tem-a-Joacaba-Pneus-1969_9-reuniao-768x520.jpg 768w\" sizes=\"(max-width: 950px) 100vw, 950px\" \/><\/a><figcaption class=\"blocks-gallery-item__caption\">3595 Churrascaria Cipo do Lindolfo onde hoje tem a Joacaba Pneus 1969 9 reuniao<\/figcaption><\/figure><\/li><li class=\"blocks-gallery-item\"><figure><a href=\"http:\/\/culturabc.com.br\/arquivo\/wp-content\/uploads\/2021\/07\/3587-Hotel-Villa-Inez-decada-de-1960-copiar_9-reuniao.jpg\"><img loading=\"lazy\" decoding=\"async\" width=\"950\" height=\"691\" src=\"http:\/\/culturabc.com.br\/arquivo\/wp-content\/uploads\/2021\/07\/3587-Hotel-Villa-Inez-decada-de-1960-copiar_9-reuniao.jpg\" alt=\"3587 Hotel Villa Inez decada de 1960 copiar 9 reuniao\" data-id=\"26148\" data-full-url=\"http:\/\/culturabc.com.br\/arquivo\/wp-content\/uploads\/2021\/07\/3587-Hotel-Villa-Inez-decada-de-1960-copiar_9-reuniao.jpg\" data-link=\"http:\/\/culturabc.com.br\/arquivo\/3587-hotel-villa-inez-decada-de-1960-copiar_9-reuniao\/\" class=\"wp-image-26148\" srcset=\"https:\/\/culturabc.com.br\/arquivo\/wp-content\/uploads\/2021\/07\/3587-Hotel-Villa-Inez-decada-de-1960-copiar_9-reuniao.jpg 950w, https:\/\/culturabc.com.br\/arquivo\/wp-content\/uploads\/2021\/07\/3587-Hotel-Villa-Inez-decada-de-1960-copiar_9-reuniao-300x218.jpg 300w, https:\/\/culturabc.com.br\/arquivo\/wp-content\/uploads\/2021\/07\/3587-Hotel-Villa-Inez-decada-de-1960-copiar_9-reuniao-768x559.jpg 768w\" sizes=\"(max-width: 950px) 100vw, 950px\" \/><\/a><figcaption class=\"blocks-gallery-item__caption\">3587 Hotel Villa Inez decada de 1960 copiar 9 reuniao<\/figcaption><\/figure><\/li><\/ul><\/figure>\n","protected":false},"excerpt":{"rendered":"<p>9\u00aa reuni\u00e3o Data: 26 de junho de 2019Local: Galeria Municipal de ArteColaboradores: \u00c1lvaro Silva, Ant\u00f4nio Jorge de Borba, Carlos Schlup, Erotides Campos, Fernando Delatorre, Gert Hering, Jo\u00e3o Carlos da Silva, Jo\u00e3o Ricardo Scharf, Jos\u00e9 \u00c2ngelo Rebelo e Jurandir KnabbenFotografias identificadas: 17 imagens Fotografias identificadas<\/p>\n","protected":false},"author":1,"featured_media":0,"parent":0,"menu_order":0,"comment_status":"closed","ping_status":"closed","template":"","meta":{"footnotes":""},"class_list":["post-25756","page","type-page","status-publish","hentry"],"_links":{"self":[{"href":"https:\/\/culturabc.com.br\/arquivo\/wp-json\/wp\/v2\/pages\/25756","targetHints":{"allow":["GET"]}}],"collection":[{"href":"https:\/\/culturabc.com.br\/arquivo\/wp-json\/wp\/v2\/pages"}],"about":[{"href":"https:\/\/culturabc.com.br\/arquivo\/wp-json\/wp\/v2\/types\/page"}],"author":[{"embeddable":true,"href":"https:\/\/culturabc.com.br\/arquivo\/wp-json\/wp\/v2\/users\/1"}],"replies":[{"embeddable":true,"href":"https:\/\/culturabc.com.br\/arquivo\/wp-json\/wp\/v2\/comments?post=25756"}],"version-history":[{"count":4,"href":"https:\/\/culturabc.com.br\/arquivo\/wp-json\/wp\/v2\/pages\/25756\/revisions"}],"predecessor-version":[{"id":26528,"href":"https:\/\/culturabc.com.br\/arquivo\/wp-json\/wp\/v2\/pages\/25756\/revisions\/26528"}],"wp:attachment":[{"href":"https:\/\/culturabc.com.br\/arquivo\/wp-json\/wp\/v2\/media?parent=25756"}],"curies":[{"name":"wp","href":"https:\/\/api.w.org\/{rel}","templated":true}]}}