{"id":26536,"date":"2021-07-20T12:43:23","date_gmt":"2021-07-20T15:43:23","guid":{"rendered":"http:\/\/culturabc.com.br\/arquivo\/?page_id=26536"},"modified":"2021-10-05T14:35:08","modified_gmt":"2021-10-05T17:35:08","slug":"colabore","status":"publish","type":"page","link":"https:\/\/culturabc.com.br\/arquivo\/colabore\/","title":{"rendered":"Colabore"},"content":{"rendered":"\n<h2 class=\"wp-block-heading\"><strong>Ajude a identificar as fotografias antigas de Balne\u00e1rio Cambori\u00fa<\/strong><\/h2>\n\n\n\n<p>Em breve nesta p\u00e1gina voc\u00ea encontrar\u00e1 imagens ainda n\u00e3o identificadas de Balne\u00e1rio Cambori\u00fa.<\/p>\n\n\n\n<p>Caso voc\u00ea saiba alguma informa\u00e7\u00e3o sobre estas imagens entre em contato!<\/p>\n\n\n\n<p>Email: arquivo@bc.sc.gov.br <\/p>\n\n\n\n<p>Telefone: <a href=\"tel:04732677050\">(47) 3267-7050<\/a><\/p>\n\n\n\n<h2 class=\"wp-block-heading\">Fotografias ainda n\u00e3o identificadas<\/h2>\n\n\n\n<p><strong>Clique na imagem para comentar<\/strong><\/p>\n\n\n\n<div class=\"wp-block-query is-layout-flow wp-block-query-is-layout-flow\"><ul class=\"wp-block-post-template is-layout-flow wp-block-post-template-is-layout-flow\"><li class=\"wp-block-post post-26579 post type-post status-publish format-standard has-post-thumbnail hentry category-sem-categoria\">\n\n<hr class=\"wp-block-separator\"\/>\n\n<\/li><\/ul><\/div>\n\n\n<ul class=\"wp-block-latest-posts__list has-dates wp-block-latest-posts\"><li><div class=\"wp-block-latest-posts__featured-image\"><a href=\"https:\/\/culturabc.com.br\/arquivo\/2021\/10\/05\/imagem-nao-identificada-04\/\" aria-label=\"Imagem n\u00e3o identificada 04\"><img fetchpriority=\"high\" decoding=\"async\" width=\"612\" height=\"1024\" src=\"https:\/\/culturabc.com.br\/arquivo\/wp-content\/uploads\/2021\/10\/WhatsApp-Image-2021-10-05-at-13.31.37-1-612x1024.jpeg\" class=\"attachment-large size-large wp-post-image\" alt=\"\" style=\"max-width:768px;max-height:768px;\" srcset=\"https:\/\/culturabc.com.br\/arquivo\/wp-content\/uploads\/2021\/10\/WhatsApp-Image-2021-10-05-at-13.31.37-1-612x1024.jpeg 612w, https:\/\/culturabc.com.br\/arquivo\/wp-content\/uploads\/2021\/10\/WhatsApp-Image-2021-10-05-at-13.31.37-1-179x300.jpeg 179w, https:\/\/culturabc.com.br\/arquivo\/wp-content\/uploads\/2021\/10\/WhatsApp-Image-2021-10-05-at-13.31.37-1.jpeg 765w\" sizes=\"(max-width: 612px) 100vw, 612px\" \/><\/a><\/div><a class=\"wp-block-latest-posts__post-title\" href=\"https:\/\/culturabc.com.br\/arquivo\/2021\/10\/05\/imagem-nao-identificada-04\/\">Imagem n\u00e3o identificada 04<\/a><time datetime=\"2021-10-05T14:31:05-03:00\" class=\"wp-block-latest-posts__post-date\">5 de outubro de 2021<\/time><\/li>\n<li><div class=\"wp-block-latest-posts__featured-image\"><a href=\"https:\/\/culturabc.com.br\/arquivo\/2021\/10\/05\/imagem-nao-identificada-03\/\" aria-label=\"Imagem n\u00e3o identificada 03\"><img decoding=\"async\" width=\"614\" height=\"1024\" src=\"https:\/\/culturabc.com.br\/arquivo\/wp-content\/uploads\/2021\/10\/WhatsApp-Image-2021-10-05-at-13.31.37-614x1024.jpeg\" class=\"attachment-large size-large wp-post-image\" alt=\"\" style=\"max-width:768px;max-height:768px;\" srcset=\"https:\/\/culturabc.com.br\/arquivo\/wp-content\/uploads\/2021\/10\/WhatsApp-Image-2021-10-05-at-13.31.37-614x1024.jpeg 614w, https:\/\/culturabc.com.br\/arquivo\/wp-content\/uploads\/2021\/10\/WhatsApp-Image-2021-10-05-at-13.31.37-180x300.jpeg 180w, https:\/\/culturabc.com.br\/arquivo\/wp-content\/uploads\/2021\/10\/WhatsApp-Image-2021-10-05-at-13.31.37.jpeg 767w\" sizes=\"(max-width: 614px) 100vw, 614px\" \/><\/a><\/div><a class=\"wp-block-latest-posts__post-title\" href=\"https:\/\/culturabc.com.br\/arquivo\/2021\/10\/05\/imagem-nao-identificada-03\/\">Imagem n\u00e3o identificada 03<\/a><time datetime=\"2021-10-05T14:30:56-03:00\" class=\"wp-block-latest-posts__post-date\">5 de outubro de 2021<\/time><\/li>\n<li><div class=\"wp-block-latest-posts__featured-image\"><a href=\"https:\/\/culturabc.com.br\/arquivo\/2021\/10\/05\/imagem-nao-identificada-02\/\" aria-label=\"Imagem n\u00e3o identificada 02\"><img decoding=\"async\" width=\"1024\" height=\"619\" src=\"https:\/\/culturabc.com.br\/arquivo\/wp-content\/uploads\/2021\/09\/IMG_E7382-1024x619.jpg\" class=\"attachment-large size-large wp-post-image\" alt=\"\" style=\"max-width:768px;max-height:768px;\" srcset=\"https:\/\/culturabc.com.br\/arquivo\/wp-content\/uploads\/2021\/09\/IMG_E7382-1024x619.jpg 1024w, https:\/\/culturabc.com.br\/arquivo\/wp-content\/uploads\/2021\/09\/IMG_E7382-300x181.jpg 300w, https:\/\/culturabc.com.br\/arquivo\/wp-content\/uploads\/2021\/09\/IMG_E7382-768x464.jpg 768w, https:\/\/culturabc.com.br\/arquivo\/wp-content\/uploads\/2021\/09\/IMG_E7382-1536x929.jpg 1536w, https:\/\/culturabc.com.br\/arquivo\/wp-content\/uploads\/2021\/09\/IMG_E7382-2048x1238.jpg 2048w\" sizes=\"(max-width: 1024px) 100vw, 1024px\" \/><\/a><\/div><a class=\"wp-block-latest-posts__post-title\" href=\"https:\/\/culturabc.com.br\/arquivo\/2021\/10\/05\/imagem-nao-identificada-02\/\">Imagem n\u00e3o identificada 02<\/a><time datetime=\"2021-10-05T14:30:46-03:00\" class=\"wp-block-latest-posts__post-date\">5 de outubro de 2021<\/time><\/li>\n<li><div class=\"wp-block-latest-posts__featured-image\"><a href=\"https:\/\/culturabc.com.br\/arquivo\/2021\/10\/05\/imagem-nao-identificada-01\/\" aria-label=\"Imagem n\u00e3o identificada 01\"><img loading=\"lazy\" decoding=\"async\" width=\"1024\" height=\"626\" src=\"https:\/\/culturabc.com.br\/arquivo\/wp-content\/uploads\/2021\/09\/IMG_E7379-1024x626.jpg\" class=\"attachment-large size-large wp-post-image\" alt=\"\" style=\"max-width:768px;max-height:768px;\" srcset=\"https:\/\/culturabc.com.br\/arquivo\/wp-content\/uploads\/2021\/09\/IMG_E7379-1024x626.jpg 1024w, https:\/\/culturabc.com.br\/arquivo\/wp-content\/uploads\/2021\/09\/IMG_E7379-300x184.jpg 300w, https:\/\/culturabc.com.br\/arquivo\/wp-content\/uploads\/2021\/09\/IMG_E7379-768x470.jpg 768w, https:\/\/culturabc.com.br\/arquivo\/wp-content\/uploads\/2021\/09\/IMG_E7379-1536x940.jpg 1536w, https:\/\/culturabc.com.br\/arquivo\/wp-content\/uploads\/2021\/09\/IMG_E7379-2048x1253.jpg 2048w\" sizes=\"(max-width: 1024px) 100vw, 1024px\" \/><\/a><\/div><a class=\"wp-block-latest-posts__post-title\" href=\"https:\/\/culturabc.com.br\/arquivo\/2021\/10\/05\/imagem-nao-identificada-01\/\">Imagem n\u00e3o identificada 01<\/a><time datetime=\"2021-10-05T14:30:23-03:00\" class=\"wp-block-latest-posts__post-date\">5 de outubro de 2021<\/time><\/li>\n<\/ul>","protected":false},"excerpt":{"rendered":"<p>Ajude a identificar as fotografias antigas de Balne\u00e1rio Cambori\u00fa Em breve nesta p\u00e1gina voc\u00ea encontrar\u00e1 imagens ainda n\u00e3o identificadas de Balne\u00e1rio Cambori\u00fa. Caso voc\u00ea saiba alguma informa\u00e7\u00e3o sobre estas imagens entre em contato! Email: arquivo@bc.sc.gov.br Telefone: (47) 3267-7050 Fotografias ainda n\u00e3o identificadas Clique na imagem para comentar<\/p>\n","protected":false},"author":1,"featured_media":0,"parent":0,"menu_order":0,"comment_status":"open","ping_status":"closed","template":"","meta":{"footnotes":""},"class_list":["post-26536","page","type-page","status-publish","hentry"],"_links":{"self":[{"href":"https:\/\/culturabc.com.br\/arquivo\/wp-json\/wp\/v2\/pages\/26536","targetHints":{"allow":["GET"]}}],"collection":[{"href":"https:\/\/culturabc.com.br\/arquivo\/wp-json\/wp\/v2\/pages"}],"about":[{"href":"https:\/\/culturabc.com.br\/arquivo\/wp-json\/wp\/v2\/types\/page"}],"author":[{"embeddable":true,"href":"https:\/\/culturabc.com.br\/arquivo\/wp-json\/wp\/v2\/users\/1"}],"replies":[{"embeddable":true,"href":"https:\/\/culturabc.com.br\/arquivo\/wp-json\/wp\/v2\/comments?post=26536"}],"version-history":[{"count":10,"href":"https:\/\/culturabc.com.br\/arquivo\/wp-json\/wp\/v2\/pages\/26536\/revisions"}],"predecessor-version":[{"id":26593,"href":"https:\/\/culturabc.com.br\/arquivo\/wp-json\/wp\/v2\/pages\/26536\/revisions\/26593"}],"wp:attachment":[{"href":"https:\/\/culturabc.com.br\/arquivo\/wp-json\/wp\/v2\/media?parent=26536"}],"curies":[{"name":"wp","href":"https:\/\/api.w.org\/{rel}","templated":true}]}}