{"id":26701,"date":"2025-10-23T15:18:47","date_gmt":"2025-10-23T18:18:47","guid":{"rendered":"https:\/\/culturabc.com.br\/arquivo\/?page_id=26701"},"modified":"2025-10-23T15:22:06","modified_gmt":"2025-10-23T18:22:06","slug":"14a-reuniao","status":"publish","type":"page","link":"https:\/\/culturabc.com.br\/arquivo\/14a-reuniao\/","title":{"rendered":"14\u00aa Reuni\u00e3o"},"content":{"rendered":"\t\t<div data-elementor-type=\"wp-page\" data-elementor-id=\"26701\" class=\"elementor elementor-26701\">\n\t\t\t\t<div class=\"elementor-element elementor-element-3222138 e-flex e-con-boxed e-con e-parent\" data-id=\"3222138\" data-element_type=\"container\">\n\t\t\t\t\t<div class=\"e-con-inner\">\n\t\t\t\t<div class=\"elementor-element elementor-element-73bc12c elementor-widget elementor-widget-heading\" data-id=\"73bc12c\" data-element_type=\"widget\" data-widget_type=\"heading.default\">\n\t\t\t\t\t<h2 class=\"elementor-heading-title elementor-size-default\">14\u00aa Reuni\u00e3o<\/h2>\t\t\t\t<\/div>\n\t\t\t\t<div class=\"elementor-element elementor-element-b4f728a elementor-widget elementor-widget-text-editor\" data-id=\"b4f728a\" data-element_type=\"widget\" data-widget_type=\"text-editor.default\">\n\t\t\t\t\t\t\t\t\t<p align=\"justify\"><span style=\"font-family: Liberation Sans, sans-serif;\"><b>Caf\u00e9 com Hist\u00f3ria <\/b><\/span><\/p><p align=\"justify\"><span style=\"font-family: Liberation Sans, sans-serif;\"><b>14\u00aa reuni\u00e3o<\/b><\/span><\/p><p align=\"justify\"><span style=\"font-family: Liberation Sans, sans-serif;\"><b>Data: 14 de outubro de 2021<\/b><\/span><\/p><p align=\"justify\"><span style=\"font-family: Liberation Sans, sans-serif;\">Local: Arquivo Hist\u00f3rico de Balne\u00e1rio Cambori\u00fa<\/span><\/p><p align=\"justify\"><span style=\"font-family: Liberation Sans, sans-serif;\">Colaboradores: Ademar Silva, Carlos Schlup e Erotides Campos<\/span><\/p><p align=\"justify\"><span style=\"font-family: Liberation Sans, sans-serif;\">Fotografias identificadas: 13 imagens <\/span><\/p><p align=\"justify\"><span style=\"font-family: Liberation Sans, sans-serif;\">Este encontro foi transmitido ao vivo pelo Facebook da Funda\u00e7\u00e3o Cultural de Balne\u00e1rio Cambori\u00fa. A comunidade p\u00f4de interagir, comentando e ajudando na identifica\u00e7\u00e3o das fotografias.<\/span><\/p><p align=\"justify\"><span style=\"font-family: Liberation Sans, sans-serif;\"><b>Foto 1619 <\/b>\u2013 Ver\u00e3o, Praia Central, D\u00e9cada de 1960. <\/span><\/p><p align=\"justify\"><span style=\"font-family: Liberation Sans, sans-serif;\"><b>Foto <\/b><b>3973 <\/b>\u2013 Festa de fam\u00edlia, no Hotel Balne\u00e1rio, 01\/01\/1961 Identificados: 1- Ludimila Korteba, 2- Ivete Krewinkel Barontini, 3- Carlo Barontini (Tudinho), 6- Jo\u00e3o Pekerin, 7- Lili Onckem, 10- Mike (filha do casal Irma e Victor Passold), 12- Eliane Barontini, 20- Cesare Barontini, 33- Armando Krewinkel (irm\u00e3o da Ivete), 34- Augusto Krewinkel (pai da Ivete)<\/span><\/p><p align=\"justify\"><span style=\"font-family: Liberation Sans, sans-serif;\">37- Irma Passold.<\/span><\/p><p align=\"justify\"><span style=\"font-family: Liberation Sans, sans-serif;\"><b>Foto<\/b><b> 3974<\/b> \u2013 Funcion\u00e1rios da Prefeitura, d\u00e9cada de 1970. Identificados: 1- Jucelmo Serpa dos Santos, 2- Remi da Silva Os\u00f3rio, 3- Ubirajara (Bira, esposo da Remi), 4- Jurandir da Silva (motorista da PMBC) (d\u00favida na identifica\u00e7\u00e3o), 5- Maria de Lourdes Artmann (Lurdinha), 6- Vilson Vidigal Sim\u00e3o, 7- Vidalvina da Silva (Koca), 8- Luiz Fernando Caron<\/span><\/p><p align=\"justify\"><span style=\"font-family: Liberation Sans, sans-serif;\">9- Luiz Carlos Chedid, 10- Helio Chaves.<\/span><\/p><p align=\"justify\"><span style=\"font-family: Liberation Sans, sans-serif;\"><b>Foto <\/b><b>3975 <\/b>\u2013 Estrada da Rainha, vista parcial da praia, final d\u00e9cada de 1990. <\/span><\/p><p align=\"justify\"><span style=\"font-family: Liberation Sans, sans-serif;\"><b>Foto <\/b><b>3976 <\/b>\u2013 Barra Sul, entre 1974 e 1975.<\/span><\/p><p align=\"justify\"><span style=\"font-family: Liberation Sans, sans-serif;\"><b>Foto <\/b><b>3977<\/b> \u2013 Vista da Prefeitura, d\u00e9cada de 1980. <\/span><\/p><p align=\"justify\"><span style=\"font-family: Liberation Sans, sans-serif;\"><span style=\"color: #000000;\"><span style=\"font-size: medium;\"><span lang=\"pt-BR\">O grupo reconheceu: a loja L. Martins, local onde hoje \u00e9 a Casas da \u00c1gua; local do Restaurante\/Hotel San Carlo; o Posto Rex \u00e0 direita. <\/span><\/span><\/span><span style=\"color: #000000;\"><span style=\"font-size: medium;\"><span lang=\"pt-BR\">I<\/span><\/span><\/span><span style=\"color: #000000;\"><span style=\"font-size: medium;\"><span lang=\"pt-BR\">dentificados: <\/span><\/span><\/span><span style=\"color: #000000;\"><span style=\"font-size: medium;\"><span lang=\"pt-BR\">1- Ed. Igua\u00e7<\/span><\/span><\/span><span style=\"color: #000000;\"><span style=\"font-size: medium;\"><span lang=\"pt-BR\">\u00fa, <\/span><\/span><\/span><span style=\"color: #000000;\"><span style=\"font-size: medium;\"><span lang=\"pt-BR\">2- Ed. Max Victor Hering, 3- Ed. Bahia Blanca, 4- Ed. Panamericano, 5- Ed. Dona Rosinha bloco B (Rua 511), 6- Ed. Posadas bloco C (Rua 701), 7- Ed. Mariner, 8- Ed. O\u00e1sis, 9- Ed. Ipacaray, 10- Ed. Maria Am\u00e9lia, 11- Ed. Real Parque (Avenida Brasil), 12- Ed. Panorama, 13- Ed. Ouro Verde, 14- Ed. San Remo, 15- Ed. Imperador, 16- Ed. Miramar, 17- Hotel Nacional <\/span><\/span><\/span><span style=\"color: #000000;\"><span style=\"font-size: medium;\"><span lang=\"pt-BR\">(<\/span><\/span><\/span><span style=\"color: #000000;\"><span style=\"font-size: medium;\"><span lang=\"pt-BR\">iniciado pela fam\u00edlia Dellatorre) atual Hotel Ilha da Madeira (Avenida Brasil esquina com Central), 18- Ed. Imperatriz.<\/span><\/span><\/span><\/span><\/p><p align=\"justify\"><span style=\"font-family: Liberation Sans, sans-serif;\"><span style=\"color: #000000;\"><span style=\"font-size: medium;\"><span lang=\"pt-BR\"><b>Foto<\/b><\/span><\/span><\/span><span style=\"color: #000000;\"><span style=\"font-size: medium;\"><span lang=\"pt-BR\"><b> 397<\/b><\/span><\/span><\/span><span style=\"color: #000000;\"><span style=\"font-size: medium;\"><span lang=\"pt-BR\"><b>8<\/b><\/span><\/span><\/span><span style=\"color: #000000;\"><span style=\"font-size: medium;\"><span lang=\"pt-BR\"> \u2013 D\u00e9cada de 1970. <\/span><\/span><\/span><span style=\"color: #000000;\"><span style=\"font-size: medium;\"><span lang=\"pt-BR\">I<\/span><\/span><\/span><span style=\"color: #000000;\"><span style=\"font-size: medium;\"><span lang=\"pt-BR\">dentificad<\/span><\/span><\/span><span style=\"color: #000000;\"><span style=\"font-size: medium;\"><span lang=\"pt-BR\">o<\/span><\/span><\/span><span style=\"color: #000000;\"><span style=\"font-size: medium;\"><span lang=\"pt-BR\">s: 2- Hamilton da Silva (Terr\u00edvel); 3- Luis Carlos do Nascimento; 4- Orlando Schultz; 5- parece ser Paulo (irm\u00e3o do n\u00ba 3 Luis); 7- parece ser Carlos Ramiro. <\/span><\/span><\/span><\/span><\/p><p align=\"justify\"><span style=\"font-family: Liberation Sans, sans-serif;\"><span style=\"color: #000000;\"><span style=\"font-size: medium;\"><span lang=\"pt-BR\"><b>Foto 3979<\/b><\/span><\/span><\/span><span style=\"color: #000000;\"><span style=\"font-size: medium;\"><span lang=\"pt-BR\"> \u2013 Barco \u201cBaleeira\u201d, <\/span><\/span><\/span><span style=\"color: #000000;\"><span style=\"font-size: medium;\"><span lang=\"pt-BR\">d<\/span><\/span><\/span><span style=\"color: #000000;\"><span style=\"font-size: medium;\"><span lang=\"pt-BR\">\u00e9cada de 1950.<\/span><\/span><\/span><\/span><\/p><p align=\"justify\"><span style=\"color: #000000;\"><span style=\"font-family: Liberation Sans, sans-serif;\"><span style=\"font-size: medium;\"><span lang=\"pt-BR\"><b>Foto <\/b><\/span><\/span><span style=\"font-size: medium;\"><span lang=\"pt-BR\"><b>3980<\/b><\/span><\/span><span style=\"font-size: medium;\"><span lang=\"pt-BR\"> \u2013 Cerim\u00f4nia, Col\u00e9gio Jo\u00e3o Goulart, d\u00e9cada de 1960.<\/span><\/span><\/span><\/span><\/p><p align=\"justify\"><span style=\"font-family: Liberation Sans, sans-serif;\"><span style=\"color: #000000;\"><span style=\"font-size: medium;\"><span lang=\"pt-BR\"><b>Foto 3981<\/b><\/span><\/span><\/span><span style=\"color: #000000;\"><span style=\"font-size: medium;\"><span lang=\"pt-BR\"> \u2013 C<\/span><\/span><\/span><span style=\"color: #000000;\"><span style=\"font-size: medium;\"><span lang=\"pt-BR\">EM Presidente M\u00e9dici, <\/span><\/span><\/span><span style=\"color: #000000;\"><span style=\"font-size: medium;\"><span lang=\"pt-BR\">d\u00e9cada de 1970. <\/span><\/span><\/span><span style=\"color: #000000;\"><span style=\"font-size: medium;\"><span lang=\"pt-BR\">I<\/span><\/span><\/span><span style=\"color: #000000;\"><span style=\"font-size: medium;\"><span lang=\"pt-BR\">dentificad<\/span><\/span><\/span><span style=\"color: #000000;\"><span style=\"font-size: medium;\"><span lang=\"pt-BR\">o<\/span><\/span><\/span><span style=\"color: #000000;\"><span style=\"font-size: medium;\"><span lang=\"pt-BR\">s: 1- Frei Belmiro; 9- Inspetor escolar Antonio Lenko; 11- Professor Antonio Lucio; 12- Prefeito Armando C<\/span><\/span><\/span><span style=\"color: #000000;\"><span style=\"font-size: medium;\"><span lang=\"pt-BR\">\u00e9sar<\/span><\/span><\/span><span style=\"color: #000000;\"><span style=\"font-size: medium;\"><span lang=\"pt-BR\"> Ghislandi; 13- Juiz Jo\u00e3o Jos\u00e9 Mauricio D\u2019\u00c1vila; 14- Vice-Prefeito Domingos Fonseca; 15- Marlene Buratto.<\/span><\/span><\/span><\/span><\/p><p align=\"justify\"><span style=\"font-family: Liberation Sans, sans-serif;\"><span style=\"color: #000000;\"><span style=\"font-size: medium;\"><span lang=\"pt-BR\"><b>Foto 3982<\/b><\/span><\/span><\/span><span style=\"color: #000000;\"><span style=\"font-size: medium;\"><span lang=\"pt-BR\"> \u2013 C<\/span><\/span><\/span><span style=\"color: #000000;\"><span style=\"font-size: medium;\"><span lang=\"pt-BR\">EM Presidente M\u00e9dici, <\/span><\/span><\/span><span style=\"color: #000000;\"><span style=\"font-size: medium;\"><span lang=\"pt-BR\">d\u00e9cada de 1970. <\/span><\/span><\/span><span style=\"color: #000000;\"><span style=\"font-size: medium;\"><span lang=\"pt-BR\">I<\/span><\/span><\/span><span style=\"color: #000000;\"><span style=\"font-size: medium;\"><span lang=\"pt-BR\">dentificad<\/span><\/span><\/span><span style=\"color: #000000;\"><span style=\"font-size: medium;\"><span lang=\"pt-BR\">o<\/span><\/span><\/span><span style=\"color: #000000;\"><span style=\"font-size: medium;\"><span lang=\"pt-BR\">s: 1- Inspetor escolar Antonio Lenko; <\/span><\/span><\/span><span style=\"color: #000000;\"><span style=\"font-size: medium;\"><span lang=\"pt-BR\">3-<\/span><\/span><\/span><span style=\"color: #000000;\"><span style=\"font-size: medium;\"><span lang=\"pt-BR\"> Professor Antonio Lucio; <\/span><\/span><\/span><span style=\"color: #000000;\"><span style=\"font-size: medium;\"><span lang=\"pt-BR\">5-<\/span><\/span><\/span><span style=\"color: #000000;\"><span style=\"font-size: medium;\"><span lang=\"pt-BR\"> Prefeito Armando C. Ghislandi; <\/span><\/span><\/span><span style=\"color: #000000;\"><span style=\"font-size: medium;\"><span lang=\"pt-BR\">6-<\/span><\/span><\/span><span style=\"color: #000000;\"><span style=\"font-size: medium;\"><span lang=\"pt-BR\"> Juiz Jo\u00e3o Jos\u00e9 Mauricio D\u2019\u00c1vila; <\/span><\/span><\/span><span style=\"color: #000000;\"><span style=\"font-size: medium;\"><span lang=\"pt-BR\">7-<\/span><\/span><\/span><span style=\"color: #000000;\"><span style=\"font-size: medium;\"><span lang=\"pt-BR\"> Vice-Prefeito Domingos Fonseca; <\/span><\/span><\/span><span style=\"color: #000000;\"><span style=\"font-size: medium;\"><span lang=\"pt-BR\">8-<\/span><\/span><\/span><span style=\"color: #000000;\"><span style=\"font-size: medium;\"><span lang=\"pt-BR\"> Marlene Buratto; <\/span><\/span><\/span><span style=\"color: #000000;\"><span style=\"font-size: medium;\"><span lang=\"pt-BR\">9- Jonas Paulo de Andrade.<\/span><\/span><\/span><\/span><\/p><p align=\"justify\"><span style=\"font-family: Liberation Sans, sans-serif;\"><span style=\"color: #000000;\"><span style=\"font-size: medium;\"><span lang=\"pt-BR\"><b>Foto 3983<\/b><\/span><\/span><\/span><span style=\"color: #000000;\"><span style=\"font-size: medium;\"><span lang=\"pt-BR\"> \u2013 CEM Presidente M\u00e9dici, <\/span><\/span><\/span><span style=\"color: #000000;\"><span style=\"font-size: medium;\"><span lang=\"pt-BR\">d\u00e9cada de 1970.<\/span><\/span><\/span><\/span><\/p><p align=\"justify\"><span style=\"font-family: Liberation Sans, sans-serif;\"><b>F<\/b><b>oto 2 <\/b>(GAB-ACS 2308) \u2013 Grupo concorda n\u00e3o ser Balne\u00e1rio Cambori\u00fa. Retirar foto do acervo.<\/span><\/p>\t\t\t\t\t\t\t\t<\/div>\n\t\t\t\t\t<\/div>\n\t\t\t\t<\/div>\n\t\t<div class=\"elementor-element elementor-element-594d708 e-flex e-con-boxed e-con e-parent\" data-id=\"594d708\" data-element_type=\"container\">\n\t\t\t\t\t<div class=\"e-con-inner\">\n\t\t\t\t<div class=\"elementor-element elementor-element-901223a gallery-spacing-custom elementor-widget elementor-widget-image-gallery\" data-id=\"901223a\" data-element_type=\"widget\" data-widget_type=\"image-gallery.default\">\n\t\t\t\t\t\t\t<div class=\"elementor-image-gallery\">\n\t\t\t<div id='gallery-1' class='gallery galleryid-26701 gallery-columns-3 gallery-size-full'><figure class='gallery-item'>\n\t\t\t<div class='gallery-icon landscape'>\n\t\t\t\t<a data-elementor-open-lightbox=\"yes\" data-elementor-lightbox-slideshow=\"901223a\" data-elementor-lightbox-title=\"3982-CEM-Presidente-Medici-decada-de-1970-no-1\" data-e-action-hash=\"#elementor-action%3Aaction%3Dlightbox%26settings%3DeyJpZCI6MjY2NTksInVybCI6Imh0dHBzOlwvXC9jdWx0dXJhYmMuY29tLmJyXC9hcnF1aXZvXC93cC1jb250ZW50XC91cGxvYWRzXC8yMDI1XC8xMFwvMzk4Mi1DRU0tUHJlc2lkZW50ZS1NZWRpY2ktZGVjYWRhLWRlLTE5NzAtbm8tMS5qcGciLCJzbGlkZXNob3ciOiI5MDEyMjNhIn0%3D\" href='https:\/\/culturabc.com.br\/arquivo\/wp-content\/uploads\/2025\/10\/3982-CEM-Presidente-Medici-decada-de-1970-no-1.jpg'><img fetchpriority=\"high\" decoding=\"async\" width=\"1024\" height=\"705\" src=\"https:\/\/culturabc.com.br\/arquivo\/wp-content\/uploads\/2025\/10\/3982-CEM-Presidente-Medici-decada-de-1970-no-1.jpg\" class=\"attachment-full size-full\" alt=\"\" \/><\/a>\n\t\t\t<\/div><\/figure><figure class='gallery-item'>\n\t\t\t<div class='gallery-icon landscape'>\n\t\t\t\t<a data-elementor-open-lightbox=\"yes\" data-elementor-lightbox-slideshow=\"901223a\" data-elementor-lightbox-title=\"3981-CEM-Presidente-Medici-decada-de-1970-1\" data-e-action-hash=\"#elementor-action%3Aaction%3Dlightbox%26settings%3DeyJpZCI6MjY2NTgsInVybCI6Imh0dHBzOlwvXC9jdWx0dXJhYmMuY29tLmJyXC9hcnF1aXZvXC93cC1jb250ZW50XC91cGxvYWRzXC8yMDI1XC8xMFwvMzk4MS1DRU0tUHJlc2lkZW50ZS1NZWRpY2ktZGVjYWRhLWRlLTE5NzAtMS5qcGciLCJzbGlkZXNob3ciOiI5MDEyMjNhIn0%3D\" href='https:\/\/culturabc.com.br\/arquivo\/wp-content\/uploads\/2025\/10\/3981-CEM-Presidente-Medici-decada-de-1970-1.jpg'><img decoding=\"async\" width=\"2706\" height=\"1679\" src=\"https:\/\/culturabc.com.br\/arquivo\/wp-content\/uploads\/2025\/10\/3981-CEM-Presidente-Medici-decada-de-1970-1.jpg\" class=\"attachment-full size-full\" alt=\"\" \/><\/a>\n\t\t\t<\/div><\/figure><figure class='gallery-item'>\n\t\t\t<div class='gallery-icon landscape'>\n\t\t\t\t<a data-elementor-open-lightbox=\"yes\" data-elementor-lightbox-slideshow=\"901223a\" data-elementor-lightbox-title=\"3974-Funcionarios-da-Prefeitura-decadade-1970-1\" data-e-action-hash=\"#elementor-action%3Aaction%3Dlightbox%26settings%3DeyJpZCI6MjY2NTcsInVybCI6Imh0dHBzOlwvXC9jdWx0dXJhYmMuY29tLmJyXC9hcnF1aXZvXC93cC1jb250ZW50XC91cGxvYWRzXC8yMDI1XC8xMFwvMzk3NC1GdW5jaW9uYXJpb3MtZGEtUHJlZmVpdHVyYS1kZWNhZGFkZS0xOTcwLTEuanBnIiwic2xpZGVzaG93IjoiOTAxMjIzYSJ9\" href='https:\/\/culturabc.com.br\/arquivo\/wp-content\/uploads\/2025\/10\/3974-Funcionarios-da-Prefeitura-decadade-1970-1.jpg'><img decoding=\"async\" width=\"2627\" height=\"1700\" src=\"https:\/\/culturabc.com.br\/arquivo\/wp-content\/uploads\/2025\/10\/3974-Funcionarios-da-Prefeitura-decadade-1970-1.jpg\" class=\"attachment-full size-full\" alt=\"\" \/><\/a>\n\t\t\t<\/div><\/figure><figure class='gallery-item'>\n\t\t\t<div class='gallery-icon portrait'>\n\t\t\t\t<a data-elementor-open-lightbox=\"yes\" data-elementor-lightbox-slideshow=\"901223a\" data-elementor-lightbox-title=\"GAB-ACS-2308-nao-e-Balneario-Camboriu-1\" data-e-action-hash=\"#elementor-action%3Aaction%3Dlightbox%26settings%3DeyJpZCI6MjY2NDQsInVybCI6Imh0dHBzOlwvXC9jdWx0dXJhYmMuY29tLmJyXC9hcnF1aXZvXC93cC1jb250ZW50XC91cGxvYWRzXC8yMDI1XC8xMFwvR0FCLUFDUy0yMzA4LW5hby1lLUJhbG5lYXJpby1DYW1ib3JpdS0xLmpwZyIsInNsaWRlc2hvdyI6IjkwMTIyM2EifQ%3D%3D\" href='https:\/\/culturabc.com.br\/arquivo\/wp-content\/uploads\/2025\/10\/GAB-ACS-2308-nao-e-Balneario-Camboriu-1.jpg'><img loading=\"lazy\" decoding=\"async\" width=\"1928\" height=\"2902\" src=\"https:\/\/culturabc.com.br\/arquivo\/wp-content\/uploads\/2025\/10\/GAB-ACS-2308-nao-e-Balneario-Camboriu-1.jpg\" class=\"attachment-full size-full\" alt=\"\" \/><\/a>\n\t\t\t<\/div><\/figure><figure class='gallery-item'>\n\t\t\t<div class='gallery-icon landscape'>\n\t\t\t\t<a data-elementor-open-lightbox=\"yes\" data-elementor-lightbox-slideshow=\"901223a\" data-elementor-lightbox-title=\"3973-Festa-de-familia-Hotel-Balneario-01.01.1961-1\" data-e-action-hash=\"#elementor-action%3Aaction%3Dlightbox%26settings%3DeyJpZCI6MjY2NDMsInVybCI6Imh0dHBzOlwvXC9jdWx0dXJhYmMuY29tLmJyXC9hcnF1aXZvXC93cC1jb250ZW50XC91cGxvYWRzXC8yMDI1XC8xMFwvMzk3My1GZXN0YS1kZS1mYW1pbGlhLUhvdGVsLUJhbG5lYXJpby0wMS4wMS4xOTYxLTEuanBnIiwic2xpZGVzaG93IjoiOTAxMjIzYSJ9\" href='https:\/\/culturabc.com.br\/arquivo\/wp-content\/uploads\/2025\/10\/3973-Festa-de-familia-Hotel-Balneario-01.01.1961-1.jpg'><img loading=\"lazy\" decoding=\"async\" width=\"3120\" height=\"1919\" src=\"https:\/\/culturabc.com.br\/arquivo\/wp-content\/uploads\/2025\/10\/3973-Festa-de-familia-Hotel-Balneario-01.01.1961-1.jpg\" class=\"attachment-full size-full\" alt=\"\" \/><\/a>\n\t\t\t<\/div><\/figure><figure class='gallery-item'>\n\t\t\t<div class='gallery-icon landscape'>\n\t\t\t\t<a data-elementor-open-lightbox=\"yes\" data-elementor-lightbox-slideshow=\"901223a\" data-elementor-lightbox-title=\"3978-Decada-de-1970-1\" data-e-action-hash=\"#elementor-action%3Aaction%3Dlightbox%26settings%3DeyJpZCI6MjY2NDIsInVybCI6Imh0dHBzOlwvXC9jdWx0dXJhYmMuY29tLmJyXC9hcnF1aXZvXC93cC1jb250ZW50XC91cGxvYWRzXC8yMDI1XC8xMFwvMzk3OC1EZWNhZGEtZGUtMTk3MC0xLmpwZyIsInNsaWRlc2hvdyI6IjkwMTIyM2EifQ%3D%3D\" href='https:\/\/culturabc.com.br\/arquivo\/wp-content\/uploads\/2025\/10\/3978-Decada-de-1970-1.jpg'><img loading=\"lazy\" decoding=\"async\" width=\"1024\" height=\"655\" src=\"https:\/\/culturabc.com.br\/arquivo\/wp-content\/uploads\/2025\/10\/3978-Decada-de-1970-1.jpg\" class=\"attachment-full size-full\" alt=\"\" \/><\/a>\n\t\t\t<\/div><\/figure><figure class='gallery-item'>\n\t\t\t<div class='gallery-icon landscape'>\n\t\t\t\t<a data-elementor-open-lightbox=\"yes\" data-elementor-lightbox-slideshow=\"901223a\" data-elementor-lightbox-title=\"3977-Vista-da-Prefeitura-decada-de-1980-1\" data-e-action-hash=\"#elementor-action%3Aaction%3Dlightbox%26settings%3DeyJpZCI6MjY2NDAsInVybCI6Imh0dHBzOlwvXC9jdWx0dXJhYmMuY29tLmJyXC9hcnF1aXZvXC93cC1jb250ZW50XC91cGxvYWRzXC8yMDI1XC8xMFwvMzk3Ny1WaXN0YS1kYS1QcmVmZWl0dXJhLWRlY2FkYS1kZS0xOTgwLTEuanBnIiwic2xpZGVzaG93IjoiOTAxMjIzYSJ9\" href='https:\/\/culturabc.com.br\/arquivo\/wp-content\/uploads\/2025\/10\/3977-Vista-da-Prefeitura-decada-de-1980-1.jpg'><img loading=\"lazy\" decoding=\"async\" width=\"1280\" height=\"1025\" src=\"https:\/\/culturabc.com.br\/arquivo\/wp-content\/uploads\/2025\/10\/3977-Vista-da-Prefeitura-decada-de-1980-1.jpg\" class=\"attachment-full size-full\" alt=\"\" \/><\/a>\n\t\t\t<\/div><\/figure><figure class='gallery-item'>\n\t\t\t<div class='gallery-icon landscape'>\n\t\t\t\t<a data-elementor-open-lightbox=\"yes\" data-elementor-lightbox-slideshow=\"901223a\" data-elementor-lightbox-title=\"1619-Verao-Praia-Central-Decada-de-1960-1\" data-e-action-hash=\"#elementor-action%3Aaction%3Dlightbox%26settings%3DeyJpZCI6MjY2MzksInVybCI6Imh0dHBzOlwvXC9jdWx0dXJhYmMuY29tLmJyXC9hcnF1aXZvXC93cC1jb250ZW50XC91cGxvYWRzXC8yMDI1XC8xMFwvMTYxOS1WZXJhby1QcmFpYS1DZW50cmFsLURlY2FkYS1kZS0xOTYwLTEuanBnIiwic2xpZGVzaG93IjoiOTAxMjIzYSJ9\" href='https:\/\/culturabc.com.br\/arquivo\/wp-content\/uploads\/2025\/10\/1619-Verao-Praia-Central-Decada-de-1960-1.jpg'><img loading=\"lazy\" decoding=\"async\" width=\"2637\" height=\"1824\" src=\"https:\/\/culturabc.com.br\/arquivo\/wp-content\/uploads\/2025\/10\/1619-Verao-Praia-Central-Decada-de-1960-1.jpg\" class=\"attachment-full size-full\" alt=\"\" \/><\/a>\n\t\t\t<\/div><\/figure><figure class='gallery-item'>\n\t\t\t<div class='gallery-icon landscape'>\n\t\t\t\t<a data-elementor-open-lightbox=\"yes\" data-elementor-lightbox-slideshow=\"901223a\" data-elementor-lightbox-title=\"3983-CEM-Presidente-Medici-decada-de-1970-1\" data-e-action-hash=\"#elementor-action%3Aaction%3Dlightbox%26settings%3DeyJpZCI6MjY2MzgsInVybCI6Imh0dHBzOlwvXC9jdWx0dXJhYmMuY29tLmJyXC9hcnF1aXZvXC93cC1jb250ZW50XC91cGxvYWRzXC8yMDI1XC8xMFwvMzk4My1DRU0tUHJlc2lkZW50ZS1NZWRpY2ktZGVjYWRhLWRlLTE5NzAtMS5qcGciLCJzbGlkZXNob3ciOiI5MDEyMjNhIn0%3D\" href='https:\/\/culturabc.com.br\/arquivo\/wp-content\/uploads\/2025\/10\/3983-CEM-Presidente-Medici-decada-de-1970-1.jpg'><img loading=\"lazy\" decoding=\"async\" width=\"2855\" height=\"1742\" src=\"https:\/\/culturabc.com.br\/arquivo\/wp-content\/uploads\/2025\/10\/3983-CEM-Presidente-Medici-decada-de-1970-1.jpg\" class=\"attachment-full size-full\" alt=\"\" \/><\/a>\n\t\t\t<\/div><\/figure><figure class='gallery-item'>\n\t\t\t<div class='gallery-icon portrait'>\n\t\t\t\t<a data-elementor-open-lightbox=\"yes\" data-elementor-lightbox-slideshow=\"901223a\" data-elementor-lightbox-title=\"3980-Cerimonia-Colegio-Joao-Goulart-decada-de-1960-1\" data-e-action-hash=\"#elementor-action%3Aaction%3Dlightbox%26settings%3DeyJpZCI6MjY2MzcsInVybCI6Imh0dHBzOlwvXC9jdWx0dXJhYmMuY29tLmJyXC9hcnF1aXZvXC93cC1jb250ZW50XC91cGxvYWRzXC8yMDI1XC8xMFwvMzk4MC1DZXJpbW9uaWEtQ29sZWdpby1Kb2FvLUdvdWxhcnQtZGVjYWRhLWRlLTE5NjAtMS5qcGciLCJzbGlkZXNob3ciOiI5MDEyMjNhIn0%3D\" href='https:\/\/culturabc.com.br\/arquivo\/wp-content\/uploads\/2025\/10\/3980-Cerimonia-Colegio-Joao-Goulart-decada-de-1960-1.jpg'><img loading=\"lazy\" decoding=\"async\" width=\"2750\" height=\"2785\" src=\"https:\/\/culturabc.com.br\/arquivo\/wp-content\/uploads\/2025\/10\/3980-Cerimonia-Colegio-Joao-Goulart-decada-de-1960-1.jpg\" class=\"attachment-full size-full\" alt=\"\" \/><\/a>\n\t\t\t<\/div><\/figure><figure class='gallery-item'>\n\t\t\t<div class='gallery-icon portrait'>\n\t\t\t\t<a data-elementor-open-lightbox=\"yes\" data-elementor-lightbox-slideshow=\"901223a\" data-elementor-lightbox-title=\"3979-Barco-_Baleeira_-Decada-de-1950-1\" data-e-action-hash=\"#elementor-action%3Aaction%3Dlightbox%26settings%3DeyJpZCI6MjY2MzYsInVybCI6Imh0dHBzOlwvXC9jdWx0dXJhYmMuY29tLmJyXC9hcnF1aXZvXC93cC1jb250ZW50XC91cGxvYWRzXC8yMDI1XC8xMFwvMzk3OS1CYXJjby1fQmFsZWVpcmFfLURlY2FkYS1kZS0xOTUwLTEuanBnIiwic2xpZGVzaG93IjoiOTAxMjIzYSJ9\" href='https:\/\/culturabc.com.br\/arquivo\/wp-content\/uploads\/2025\/10\/3979-Barco-_Baleeira_-Decada-de-1950-1.jpg'><img loading=\"lazy\" decoding=\"async\" width=\"775\" height=\"1021\" src=\"https:\/\/culturabc.com.br\/arquivo\/wp-content\/uploads\/2025\/10\/3979-Barco-_Baleeira_-Decada-de-1950-1.jpg\" class=\"attachment-full size-full\" alt=\"\" \/><\/a>\n\t\t\t<\/div><\/figure><figure class='gallery-item'>\n\t\t\t<div class='gallery-icon landscape'>\n\t\t\t\t<a data-elementor-open-lightbox=\"yes\" data-elementor-lightbox-slideshow=\"901223a\" data-elementor-lightbox-title=\"3976-Barra-Sul-entre-1974-e-1975-1\" data-e-action-hash=\"#elementor-action%3Aaction%3Dlightbox%26settings%3DeyJpZCI6MjY2MzUsInVybCI6Imh0dHBzOlwvXC9jdWx0dXJhYmMuY29tLmJyXC9hcnF1aXZvXC93cC1jb250ZW50XC91cGxvYWRzXC8yMDI1XC8xMFwvMzk3Ni1CYXJyYS1TdWwtZW50cmUtMTk3NC1lLTE5NzUtMS5qcGciLCJzbGlkZXNob3ciOiI5MDEyMjNhIn0%3D\" href='https:\/\/culturabc.com.br\/arquivo\/wp-content\/uploads\/2025\/10\/3976-Barra-Sul-entre-1974-e-1975-1.jpg'><img loading=\"lazy\" decoding=\"async\" width=\"3707\" height=\"2741\" src=\"https:\/\/culturabc.com.br\/arquivo\/wp-content\/uploads\/2025\/10\/3976-Barra-Sul-entre-1974-e-1975-1.jpg\" class=\"attachment-full size-full\" alt=\"\" \/><\/a>\n\t\t\t<\/div><\/figure>\n\t\t<\/div>\n\t\t<\/div>\n\t\t\t\t\t\t<\/div>\n\t\t\t\t\t<\/div>\n\t\t\t\t<\/div>\n\t\t\t\t<\/div>\n\t\t","protected":false},"excerpt":{"rendered":"<p>14\u00aa Reuni\u00e3o Caf\u00e9 com Hist\u00f3ria 14\u00aa reuni\u00e3o Data: 14 de outubro de 2021 Local: Arquivo Hist\u00f3rico de Balne\u00e1rio Cambori\u00fa Colaboradores: Ademar Silva, Carlos Schlup e Erotides Campos Fotografias identificadas: 13 imagens Este encontro foi transmitido ao vivo pelo Facebook da Funda\u00e7\u00e3o Cultural de Balne\u00e1rio Cambori\u00fa. A comunidade p\u00f4de interagir, comentando e ajudando na identifica\u00e7\u00e3o das &hellip;<\/p>\n<p class=\"read-more\"> <a class=\"\" href=\"https:\/\/culturabc.com.br\/arquivo\/14a-reuniao\/\"> <span class=\"screen-reader-text\">14\u00aa Reuni\u00e3o<\/span> Leia mais &raquo;<\/a><\/p>\n","protected":false},"author":1,"featured_media":0,"parent":0,"menu_order":0,"comment_status":"closed","ping_status":"closed","template":"","meta":{"footnotes":""},"class_list":["post-26701","page","type-page","status-publish","hentry"],"_links":{"self":[{"href":"https:\/\/culturabc.com.br\/arquivo\/wp-json\/wp\/v2\/pages\/26701","targetHints":{"allow":["GET"]}}],"collection":[{"href":"https:\/\/culturabc.com.br\/arquivo\/wp-json\/wp\/v2\/pages"}],"about":[{"href":"https:\/\/culturabc.com.br\/arquivo\/wp-json\/wp\/v2\/types\/page"}],"author":[{"embeddable":true,"href":"https:\/\/culturabc.com.br\/arquivo\/wp-json\/wp\/v2\/users\/1"}],"replies":[{"embeddable":true,"href":"https:\/\/culturabc.com.br\/arquivo\/wp-json\/wp\/v2\/comments?post=26701"}],"version-history":[{"count":5,"href":"https:\/\/culturabc.com.br\/arquivo\/wp-json\/wp\/v2\/pages\/26701\/revisions"}],"predecessor-version":[{"id":26706,"href":"https:\/\/culturabc.com.br\/arquivo\/wp-json\/wp\/v2\/pages\/26701\/revisions\/26706"}],"wp:attachment":[{"href":"https:\/\/culturabc.com.br\/arquivo\/wp-json\/wp\/v2\/media?parent=26701"}],"curies":[{"name":"wp","href":"https:\/\/api.w.org\/{rel}","templated":true}]}}